False
Is 1274 a multiple of 82?
False
Is 16572 a multiple of 64?
False
Is 25879 a multiple of 7?
True
Is 51120 a multiple of 120?
True
Does 26 divide 41475?
False
Does 46 divide 11316?
True
Does 153 divide 6296?
False
Is 875 a multiple of 98?
False
Is 1502 a multiple of 12?
False
Does 54 divide 378?
True
Is 10420 a multiple of 20?
True
Does 18 divide 846?
True
Does 449 divide 146374?
True
Is 19 a factor of 482?
False
Is 16 a factor of 9138?
False
Is 8410 a multiple of 10?
True
Is 2 a factor of 536?
True
Is 93 a factor of 2418?
True
Does 38 divide 2101?
False
Is 3627 a multiple of 15?
False
Is 7 a factor of 20193?
False
Is 2150 a multiple of 6?
False
Is 9 a factor of 14598?
True
Is 10708 a multiple of 11?
False
Is 35 a factor of 5075?
True
Does 62 divide 57722?
True
Is 4115 a multiple of 6?
False
Does 14 divide 1256?
False
Does 59 divide 19645?
False
Is 27 a factor of 351?
True
Is 4 a factor of 1316?
True
Is 603 a multiple of 51?
False
Does 25 divide 1468?
False
Is 4080 a multiple of 17?
True
Does 2 divide 394?
True
Is 5 a factor of 10569?
False
Does 16 divide 4417?
False
Is 128 a factor of 1664?
True
Is 53 a factor of 1166?
True
Does 9 divide 7551?
True
Does 17 divide 476?
True
Does 130 divide 854?
False
Is 159 a factor of 57800?
False
Is 18 a factor of 152?
False
Does 9 divide 10381?
False
Does 15 divide 435?
True
Is 4032 a multiple of 48?
True
Does 7 divide 819?
True
Is 208 a multiple of 13?
True
Is 1343 a multiple of 10?
False
Is 139 a multiple of 2?
False
Is 6996 a multiple of 66?
True
Is 45 a factor of 1215?
True
Does 65 divide 650?
True
Is 465 a multiple of 46?
False
Is 11 a factor of 4312?
True
Is 25 a factor of 12161?
False
Is 24149 a multiple of 19?
True
Is 37 a factor of 2109?
True
Is 244 a multiple of 38?
False
Does 18 divide 305?
False
Does 28 divide 1568?
True
Does 19 divide 9880?
True
Does 9 divide 842?
False
Does 31 divide 558?
True
Does 8 divide 2291?
False
Is 24 a factor of 834?
False
Does 9 divide 27297?
True
Is 4 a factor of 868?
True
Is 39008 a multiple of 145?
False
Is 475 a multiple of 28?
False
Does 9 divide 11493?
True
Is 46 a factor of 9706?
True
Is 7584 a multiple of 16?
True
Does 69 divide 34431?
True
Is 39 a factor of 1170?
True
Is 11167 a multiple of 16?
False
Is 13 a factor of 5135?
True
Is 28947 a multiple of 32?
False
Is 2850 a multiple of 14?
False
Is 13356 a multiple of 18?
True
Is 36 a factor of 118916?
False
Is 61 a factor of 20293?
False
Is 7772 a multiple of 15?
False
Is 6 a factor of 84?
True
Is 19772 a multiple of 60?
False
Does 7 divide 121?
False
Is 246 a multiple of 3?
True
Is 162 a factor of 22307?
False
Is 9540 a multiple of 13?
False
Does 23 divide 769?
False
Is 1204 a multiple of 14?
True
Is 34 a factor of 391?
False
Is 1430 a multiple of 32?
False
Does 91 divide 3913?
True
Is 6756 a multiple of 76?
False
Is 23 a factor of 332?
False
Does 19 divide 1288?
False
Is 5 a factor of 190?
True
Is 28274 a multiple of 4?
False
Is 41844 a multiple of 66?
True
Is 35783 a multiple of 11?
True
Does 15 divide 19795?
False
Is 7 a factor of 1064?
True
Is 31594 a multiple of 290?
False
Does 26 divide 30354?
False
Is 14 a factor of 2086?
True
Is 12573 a multiple of 16?
False
Does 183 divide 27185?
False
Is 3 a factor of 32765?
False
Is 28626 a multiple of 9?
False
Is 2163 a multiple of 7?
True
Is 37 a factor of 200?
False
Is 308 a multiple of 11?
True
Is 10 a factor of 701?
False
Is 12090 a multiple of 31?
True
Does 112 divide 1493?
False
Does 6 divide 1920?
True
Is 7756 a multiple of 14?
True
Is 8 a factor of 14231?
False
Does 15 divide 5490?
True
Is 891 a multiple of 11?
True
Does 17 divide 45555?
False
Does 27 divide 133161?
False
Is 1836 a multiple of 51?
True
Does 5 divide 2040?
True
Is 156 a multiple of 12?
True
Does 24 divide 24?
True
Does 91 divide 3003?
True
Is 17114 a multiple of 23?
False
Is 323 a multiple of 27?
False
Does 27 divide 567?
True
Does 45 divide 670?
False
Is 792 a multiple of 44?
True
Is 16 a factor of 2064?
True
Does 48 divide 5232?
True
Is 1752 a multiple of 73?
True
Is 5547 a multiple of 43?
True
Is 85 a factor of 850?
True
Is 568 a multiple of 17?
False
Is 5 a factor of 12797?
False
Does 93 divide 2929?
False
Is 152 a factor of 2015?
False
Does 18 divide 11538?
True
Is 11 a factor of 18095?
True
Is 91 a factor of 30667?
True
Does 53 divide 954?
True
Is 9 a factor of 18?
True
Is 240 a multiple of 8?
True
Is 9850 a multiple of 78?
False
Is 49 a factor of 2156?
True
Is 798 a multiple of 7?
True
Is 177 a factor of 8496?
True
Is 5 a factor of 100?
True
Is 12 a factor of 1956?
True
Is 121 a factor of 23111?
True
Is 920 a multiple of 8?
True
Does 13 divide 624?
True
Does 116 divide 3364?
True
Is 23 a factor of 2829?
True
Is 1560 a multiple of 78?
True
Is 43 a factor of 2709?
True
Does 34 divide 408?
True
Does 7 divide 2621?
False
Is 53259 a multiple of 96?
False
Is 11 a factor of 14971?
True
Is 6 a factor of 36?
True
Is 32266 a multiple of 13?
True
Does 9 divide 1332?
True
Does 35 divide 6930?
True
Does 44 divide 836?
True
Does 112 divide 1469?
False
Is 3 a factor of 2053?
False
Is 96225 a multiple of 244?
False
Does 52 divide 178?
False
Is 2456 a multiple of 11?
False
Is 118 a multiple of 4?
False
Is 22472 a multiple of 157?
False
Does 16 divide 1136?
True
Is 3603 a multiple of 17?
False
Is 15 a factor of 1365?
True
Is 499 a multiple of 28?
False
Is 525 a multiple of 75?
True
Does 6 divide 22591?
False
Does 94 divide 47658?
True
Does 13 divide 151?
False
Is 8058 a multiple of 34?
True
Is 2049 a multiple of 24?
False
Does 74 divide 1110?
True
Does 14 divide 14366?
False
Does 6 divide 612?
True
Is 3 a factor of 539?
False
Does 139 divide 27661?
True
Does 83 divide 47725?
True
Does 66 divide 448?
False
Is 17 a factor of 3051?
False
Is 37 a factor of 1275?
False
Is 78 a factor of 14196?
True
Is 54 a factor of 540?
True
Is 5896 a multiple of 22?
True
Does 45 divide 5535?
True
Is 30683 a multiple of 61?
True
Is 2324 a multiple of 166?
True
Is 19 a factor of 15508?
False
Is 26 a factor of 1204?
False
Is 3 a factor of 73?
False
Is 28645 a multiple of 17?
True
Is 8 a factor of 832?
True
Does 2 divide 61?
False
Does 114 divide 3306?
True
Is 62 a factor of 8556?
True
Is 7 a factor of 402?
False
Does 17 divide 694?
False
Is 80 a factor of 960?
True
Is 46 a factor of 368?
True
Is 6 a factor of 2942?
False
Is 54 a multiple of 27?
True
Does 18 divide 53766?
True
Is 156 a factor of 3707?
False
Does 64 divide 1457?
False
Is 7861 a multiple of 31?
False
Is 36 a multiple of 18?
True
Is 2764 a multiple of 91?
False
Is 113 a factor of 78874?
True
Does 162 divide 23266?
False
Is 466 a multiple of 5?
False
Is 9498 a multiple of 30?
False
Does 24 divide 1382?
False
Does 47 divide 40420?
True
Is 29 a factor of 4566?
False
Is 7993 a multiple of 28?
False
Does 15 divide 886?
False
Is 29591 a multiple of 32?
False
Is 1428 a multiple of 12?
True
Is 46764 a multiple of 26?
False
Does 100 divide 480?
False
Does 5 divide 614?
False
Is 2620 a multiple of 20?
True
Is 295 a factor of 20650?
True
Does 9 divide 4620?
False
Is 1408 a multiple of 12?
False
Is 1628 a multiple of 44?
True
Does 20 divide 634?
False
Is 10650 a multiple of 30?
True
Does 24 divide 2246?
False
Does 70 divide 1960?
True
Is 11 a factor of 1408?
True
Does 25 divide 2481?
False
Is 24 a factor of 48?
True
Is 1045 a multiple of 8?
False
Is 3495 a multiple of 15?
True
Is 4 a factor of 572?
True
Is 1125 a multiple of 15?
True
Is 13 a factor of 468?
True
Is 12 a factor of 675?
False
Is 17 a factor of 11730?
True
Is 28 a factor of 6356?
True
Is 59 a factor of 19879?
False
Does 28 divide 448?
True
Is 138 a factor of 8914?
False
Is 11903 a multiple of 54?
False
Is 79546 a multiple of 31?
True
Does 102 divide 1938?
True
Does 12 divide 11076?
True
Does 123 divide 31365?
True
Does 7 divide 1022?
True
Does 46 divide 1150?
True
Is 16 a factor of 1184?
True
Is 429 a multiple of 71?
False
Is 32 a factor of 7377?
False
Does 42 divide 322?
False
Is 16160 a multiple of 16?
True
Is 191 a factor of 26740?
True
Is 1127 a multiple of 48?
False
Does 6 divide 126?
True
Does 26 divide 47?
False
Is 17612 a multiple of 14?
True
Is 4018 a multiple of 41?
True
Is 1806 a multiple of 42?
True
Is 20679 a multiple of 113?
True
Does 11 divide 83820?
True
Does 74 divide 20203?
False
Is 4